base 7, what is 2 - -612133120?
612133122
In base 7, what is -600041 + 1020?
-566021
In base 3, what is -2110122 + -12200000?
-22010122
In base 12, what is 1 + -5266957?
-5266956
In base 4, what is -1300313 + 3013?
-1231300
In base 2, what is 11 + 10011111000100100010101?
10011111000100100011000
In base 2, what is 11 - 1001110101110110001010101010?
-1001110101110110001010100111
In base 10, what is 77439876 - -2?
77439878
In base 11, what is 75623 - 36?
75598
In base 5, what is 33144243032 + 0?
33144243032
In base 15, what is -22 + 120dc?
120ba
In base 9, what is 2 - 50634436?
-50634434
In base 6, what is 5 + 2020225520?
2020225525
In base 13, what is 34 + 6bbba?
6bc21
In base 11, what is 29 - 1921053?
-1921025
In base 6, what is 105125251 - 10?
105125241
In base 5, what is 0 - -244032304?
244032304
In base 9, what is 8241 + 1332?
10573
In base 4, what is -11122 - -31320303?
31303121
In base 3, what is 100200002010 + 100011220?
101000021000
In base 11, what is 167 - 39127?
-38a70
In base 8, what is 11 + 13524124?
13524135
In base 8, what is -57602265 + -70?
-57602355
In base 16, what is 25 - 1fd9f1?
-1fd9cc
In base 14, what is -386bc - -10a?
-385b2
In base 2, what is -1101001001000 - -1000010011?
-1100000110101
In base 7, what is 22310305 + -3?
22310302
In base 15, what is -26 - -3c4c2?
3c49b
In base 11, what is 38a9466 - -24?
38a948a
In base 8, what is -40700 + -153?
-41053
In base 12, what is 1518306 - -54?
151835a
In base 7, what is -10 - 10110166?
-10110206
In base 5, what is 3122122204 + -2?
3122122202
In base 5, what is -1341220 + 41424?
-1244241
In base 12, what is -27a8abb9 - 0?
-27a8abb9
In base 11, what is -216484 + 666?
-215919
In base 7, what is -1 + -226222656?
-226222660
In base 6, what is -351 + 13535404?
13535013
In base 3, what is 22222211220 - 10022011?
22212112202
In base 16, what is -d8 - 12ae?
-1386
In base 16, what is caa - 523?
787
In base 9, what is -38514 + -804?
-40418
In base 7, what is -16304 - -652435?
633131
In base 8, what is -50155 + -25421?
-75576
In base 2, what is 111101110111111100 - 10110110?
111101110101000110
In base 12, what is 1 - -107b8516?
107b8517
In base 13, what is -4 + -3768ab?
-3768b2
In base 10, what is -24 - 15038126?
-15038150
In base 15, what is 31b768ce - 2?
31b768cc
In base 4, what is 1320020012211 - -2?
1320020012213
In base 15, what is -210 - 22543?
-22753
In base 16, what is 5 + 18e5274?
18e5279
In base 11, what is -959341 + 110?
-959231
In base 2, what is 10 - -1000000100110010111100100?
1000000100110010111100110
In base 11, what is 15238499 - -4?
152384a2
In base 3, what is 110211 - 2211110?
-2100122
In base 11, what is -8323478 - -3?
-8323475
In base 14, what is 27 + 10337d2?
1033819
In base 9, what is 384730405 + -5?
384730400
In base 12, what is -83780b3 + 5?
-83780aa
In base 12, what is 52664207 - 0?
52664207
In base 5, what is -1021341 - -11401?
-1004440
In base 4, what is -12320322133 - 2?
-12320322201
In base 15, what is 1 + -15cbd2?
-15cbd1
In base 10, what is 45 + 265705?
265750
In base 9, what is -553733 - 112?
-553845
In base 10, what is 4978 + -5809?
-831
In base 8, what is 13 + 12671145?
12671160
In base 2, what is -10 - 11111100001000011?
-11111100001000101
In base 12, what is -34033431 + 3?
-3403342a
In base 3, what is -20200 - -201222200000?
201222102100
In base 9, what is -5 - 1367478?
-1367484
In base 8, what is 111665 + -33631?
56034
In base 12, what is 21a505 + -9a?
21a427
In base 9, what is 1 + -70000412?
-70000411
In base 7, what is -441 - -104224?
103453
In base 13, what is 1996 - 40b?
1588
In base 3, what is 1101021 - -1202221?
10011012
In base 11, what is 449860 - -20?
449880
In base 4, what is 203000 - 20232231?
-20023231
In base 12, what is 6 + -21b891?
-21b887
In base 12, what is -1087293b - 3?
-10872942
In base 14, what is 1375a3 + 171?
137734
In base 2, what is -101 + 1101101111011010110?
1101101111011010001
In base 11, what is -1380 - 148?
-1518
In base 8, what is 705 + -140753?
-140046
In base 11, what is -10783 + -2677?
-1334a
In base 3, what is 1022212222010020 + -10?
1022212222010010
In base 12, what is 45525 - 211?
45314
In base 8, what is -47256 - 143?
-47421
In base 15, what is b - -23ec22?
23ec2d
In base 13, what is -1ac67858 + 2?
-1ac67856
In base 9, what is 2333563 + 1?
2333564
In base 14, what is 835c + 340?
869c
In base 10, what is 2 + 292124?
292126
In base 7, what is -1524 - 36360?
-41214
In base 8, what is -13354 + 1553?
-11601
In base 3, what is -102002010 + 10211121?
-21020112
In base 11, what is -155087 + 516?
-154671
In base 12, what is -286 + 153a6?
15120
In base 13, what is 1c4941 - -24?
1c4965
In base 11, what is -6232a9 + -10?
-623309
In base 5, what is -2424220 - -243044?
-2131121
In base 12, what is -788629 - 3?
-788630
In base 14, what is 13c27 + 3079?
16ca2
In base 7, what is 2 - 20062334?
-20062332
In base 13, what is -61a0 - 84?
-6254
In base 5, what is 33023 + -40220?
-2142
In base 9, what is 644640 - 57?
644572
In base 7, what is -3 + 23505015?
23505012
In base 12, what is 1244 + -3997?
-2753
In base 6, what is 301 - -1323114?
1323415
In base 4, what is -201 + -1110030212?
-1110031013
In base 14, what is -60a115c4 + -4?
-60a115c8
In base 9, what is 665803 + -308?
665484
In base 3, what is -11 - 1211200220110002?
-1211200220110020
In base 15, what is 859220d - -4?
8592212
In base 12, what is 22 + 9a307?
9a329
In base 12, what is 0 - -7137798?
7137798
In base 7, what is -6 - -253205645?
253205636
In base 8, what is 5 - 3461006?
-3461001
In base 12, what is 6 + bba74?
bba7a
In base 13, what is 6587602 + -5?
65875ca
In base 2, what is -1001110100001110111011 + -1100?
-1001110100001111000111
In base 10, what is 0 - 36658907?
-36658907
In base 2, what is -11010110001 - 1111101011011111?
-10000000110010000
In base 8, what is -57456 + -2454?
-62132
In base 10, what is 41 + -57499?
-57458
In base 4, what is 10221 - -121132220?
121203101
In base 14, what is -617 - 2205?
-281c
In base 13, what is -5 + -66a9078?
-66a9080
In base 2, what is 11101000 + -11011001110111101?
-11011001011010101
In base 11, what is -2051 + 9935?
7894
In base 11, what is -133627 + 73a?
-132998
In base 3, what is 11022112211 + -21012?
11022021122
In base 5, what is -4200 - -2010314?
2001114
In base 10, what is 51 + -37196494?
-37196443
In base 10, what is -3206 - 29535?
-32741
In base 2, what is -1110101010111111000001000100 - 111?
-1110101010111111000001001011
In base 14, what is -90182 + -502?
-90684
In base 6, what is 532241 + 40?
532321
In base 13, what is 2 + -327c7a45?
-327c7a43
In base 5, what is 1343212220 + 12?
1343212232
In base 2, what is 1000110110101 - -11001111000?
1100000101101
In base 3, what is 201 + -2110000211000101?
-2110000210222200
In base 8, what is -2141045 - 20?
-2141065
In base 8, what is -36655 + -17121?
-55776
In base 10, what is 11 + 782270?
782281
In base 9, what is -678753 - -881?
-677762
In base 13, what is -185c6670 + 5?
-185c6668
In base 14, what is -6 + -56561b?
-565623
In base 12, what is a12b6 - 5b?
a1257
In base 10, what is 7515355 - 3?
7515352
In base 6, what is 44241131 - 15?
44241112
In base 16, what is 12b1d - -a4a?
13567
In base 9, what is -3612 + 1842?
-1660
In base 4, what is -2021123 + -12133?
-2033322
In base 6, what is -2 + -31042101024?
-31042101030
In base 12, what is 5 + -8741998?
-8741993
In base 8, what is 54447005 + 26?
54447033
In base 14, what is 3bb68 + -2557?
39611
In base 8, what is -306762664 - -2?
-306762662
In base 5, what is 11 + 13322223202?
13322223213
In base 15, what is -22 - -1c85d17?
1c85ce5
In base 3, what is 1220002201 + 202002?
1220211210
In base 14, what is -4 + 6730dd3?
6730dcd
In base 13, what is -3 + -3585c8?
-3585cb
In base 12, what is -171 - -5382?
5211
In base 11, what is -100 + -1949a63?
-194a063
In base 14, what is 24a1 - -3a6?
2867
In base 8, what is -75732210 + -12?
-75732222
In base 5, what is -30 - 120312434?
-120313014
In base 2, what is 11111000001000010111 + 11100?
11111000001000110011
In base 14, what is 18a - -753c?
76c8
In base 7, what is 4152 + 241051?
245233
In base 8, what is 0 + 124717347?
124717347
In base 12, what is 44 + 1a395?
1a419
In base 3, what is 10 + -210200021022221221?
-210200021022221211
In base 15, what is b01 + 5da3?
69a4
In base 10, what is -1033 - 